{"version":"1.0","provider_name":"ceramica.info","provider_url":"https:\/\/www.ceramica.info\/fr\/","author_name":"Valentina Pellati","author_url":"https:\/\/www.ceramica.info\/fr\/author\/vpellaticonfindustriaceramica-it\/","title":"L'importance collective de l'architecture","type":"rich","width":600,"height":338,"html":"<blockquote class=\"wp-embedded-content\" data-secret=\"nMqVkQ9cdw\"><a href=\"https:\/\/www.ceramica.info\/fr\/articoli\/interview-luis-pedro-silva\/\">L&rsquo;importance collective de l&rsquo;architecture<\/a><\/blockquote><iframe sandbox=\"allow-scripts\" security=\"restricted\" src=\"https:\/\/www.ceramica.info\/fr\/articoli\/interview-luis-pedro-silva\/embed\/#?secret=nMqVkQ9cdw\" width=\"600\" height=\"338\" title=\"\u00ab\u00a0L&rsquo;importance collective de l&rsquo;architecture\u00a0\u00bb &#8212; ceramica.info\" data-secret=\"nMqVkQ9cdw\" frameborder=\"0\" marginwidth=\"0\" marginheight=\"0\" scrolling=\"no\" class=\"wp-embedded-content\"><\/iframe><script type=\"text\/javascript\">\n\/* <![CDATA[ *\/\n\/*! This file is auto-generated *\/\n!function(d,l){\"use strict\";l.querySelector&&d.addEventListener&&\"undefined\"!=typeof URL&&(d.wp=d.wp||{},d.wp.receiveEmbedMessage||(d.wp.receiveEmbedMessage=function(e){var t=e.data;if((t||t.secret||t.message||t.value)&&!\/[^a-zA-Z0-9]\/.test(t.secret)){for(var s,r,n,a=l.querySelectorAll('iframe[data-secret=\"'+t.secret+'\"]'),o=l.querySelectorAll('blockquote[data-secret=\"'+t.secret+'\"]'),c=new RegExp(\"^https?:$\",\"i\"),i=0;i<o.length;i++)o[i].style.display=\"none\";for(i=0;i<a.length;i++)s=a[i],e.source===s.contentWindow&&(s.removeAttribute(\"style\"),\"height\"===t.message?(1e3<(r=parseInt(t.value,10))?r=1e3:~~r<200&&(r=200),s.height=r):\"link\"===t.message&&(r=new URL(s.getAttribute(\"src\")),n=new URL(t.value),c.test(n.protocol))&&n.host===r.host&&l.activeElement===s&&(d.top.location.href=t.value))}},d.addEventListener(\"message\",d.wp.receiveEmbedMessage,!1),l.addEventListener(\"DOMContentLoaded\",function(){for(var e,t,s=l.querySelectorAll(\"iframe.wp-embedded-content\"),r=0;r<s.length;r++)(t=(e=s[r]).getAttribute(\"data-secret\"))||(t=Math.random().toString(36).substring(2,12),e.src+=\"#?secret=\"+t,e.setAttribute(\"data-secret\",t)),e.contentWindow.postMessage({message:\"ready\",secret:t},\"*\")},!1)))}(window,document);\n\/* ]]> *\/\n<\/script>\n","thumbnail_url":"https:\/\/www.ceramica.info\/cerinfo-content\/uploads\/2021\/12\/Luis-Pedro-Silva.jpg","thumbnail_width":420,"thumbnail_height":208,"description":"Quel est la situation de l'architecture au Portugal aujourd'hui ? L'architecte Lu\u00eds Pedro Silva, fondateur du cabinet Lu\u00eds Pedro Silva Arquitecto Lda et professeur \u00e0 l'\u00e9cole d'architecture de Porto FAUP depuis 2000 estime qu\u2019elle conserve un degr\u00e9 substantiel de pr\u00e9cision et de rigueur mais qu\u2019elle perd beaucoup de son caract\u00e8re artisanal."}

Quel est la situation de l'architecture au Portugal aujourd'hui ? L'architecte Luís Pedro Silva, fondateur du cabinet Luís Pedro Silva Arquitecto Lda et professeur à l'école d'architecture de Porto FAUP depuis 2000 estime qu’elle conserve un degré substantiel de précision et de rigueur mais qu’elle perd beaucoup de son caractère artisanal.
